
False
Does 501 divide 311883?
False
Is 6 a factor of 692716?
False
Is 592227 a multiple of 327?
False
Is 302579 a multiple of 255?
False
Is 5956234 a multiple of 38?
True
Is 78 a factor of 35855196?
True
Does 84 divide 2821828?
False
Is 11 a factor of 417460?
False
Is 69 a factor of 8924?
False
Is 29778 a multiple of 6?
True
Is 630 a factor of 808855?
False
Is 37 a factor of 13266905?
True
Is 1528 a multiple of 4?
True
Is 35884 a multiple of 14?
False
Does 25 divide 1570577?
False
Is 3 a factor of 2084163?
True
Is 4 a factor of 33554?
False
Is 1686492 a multiple of 1422?
True
Is 57 a factor of 1800961?
False
Is 115 a factor of 42433?
False
Is 48 a factor of 1122232?
False
Is 369 a factor of 395306?
False
Is 1433999 even?
False
Is 6 a factor of 75774?
True
Is 71740 a multiple of 10?
True
Is 19 a factor of 19977?
False
Is 363 a factor of 2068011?
True
Is 6534612 a multiple of 18?
True
Is 117 a factor of 185211?
True
Is 35 a factor of 705721?
False
Is 3734 a multiple of 3?
False
Does 273 divide 3585309?
True
Is 294723 a multiple of 143?
True
Is 947 a factor of 1810929?
False
Is 1194976 a multiple of 107?
True
Does 26 divide 3249965?
False
Is 8 a factor of 2401458?
False
Does 67 divide 3123808?
True
Does 14 divide 207396?
True
Is 11 a factor of 3081529?
True
Does 3 divide 9675018?
True
Is 169228 a multiple of 17?
False
Does 368 divide 3785984?
True
Is 5001579 a multiple of 99?
True
Is 942 a factor of 4033308?
False
Is 143 a factor of 1476635?
False
Is 164 a factor of 322571?
False
Does 99 divide 115036?
False
Does 27 divide 3034305?
False
Is 78485 a multiple of 74?
False
Does 3 divide 3560?
False
Is 2 a factor of 337133?
False
Does 819 divide 877112?
False
Does 28 divide 37436?
True
Does 72 divide 5979672?
True
Is 46 a factor of 58604?
True
Is 3587532 a multiple of 183?
True
Is 36 a factor of 13104?
True
Does 969 divide 2121141?
True
Is 4 a factor of 9620?
True
Does 8 divide 164224?
True
Is 18 a factor of 132924?
False
Is 10099120 a multiple of 188?
False
Is 1761008 a multiple of 77?
False
Does 33 divide 5646476?
False
Is 89 a factor of 133504?
False
Is 162260 a multiple of 122?
True
Is 1842105 a multiple of 15?
True
Is 3459420 a multiple of 15?
True
Is 460 a factor of 1092500?
True
Does 112 divide 81296?
False
Is 1734066 a multiple of 269?
False
Is 657210 a multiple of 19?
True
Is 89998 a multiple of 3?
False
Is 3954800 a multiple of 20?
True
Is 86 a factor of 17114?
True
Is 10810920 a multiple of 1380?
True
Is 368 a factor of 140820?
False
Does 651 divide 2590692?
False
Is 138624 a multiple of 192?
True
Is 59 a factor of 69856?
True
Is 4 a factor of 224269?
False
Is 196 a factor of 119756?
True
Is 523073 a multiple of 17?
True
Is 888766 a multiple of 73?
False
Is 123130 a multiple of 62?
False
Does 736 divide 5023200?
True
Does 503 divide 1161210?
False
Does 72 divide 1653564?
False
Is 106 a factor of 67310?
True
Is 203 a factor of 5342411?
False
Is 22 a factor of 135051?
False
Does 199 divide 300786?
False
Is 13748432 a multiple of 64?
False
Is 5271264 a multiple of 108?
True
Does 334 divide 3558102?
True
Is 215995 a multiple of 501?
False
Is 17 a factor of 22809019?
True
Is 68 a factor of 477836?
True
Is 140 a factor of 1492820?
True
Is 18 a factor of 126875?
False
Is 80070 a multiple of 170?
True
Does 85 divide 236045?
True
Does 726 divide 11824531?
False
Does 110 divide 71172?
False
Does 29 divide 283338?
False
Is 14177891 a multiple of 11?
False
Does 16 divide 150800?
True
Is 58 a factor of 3393928?
True
Is 148 a factor of 9431744?
True
Is 1895190 a multiple of 33?
True
Is 5810 a multiple of 35?
True
Is 25 a factor of 1186450?
True
Does 26 divide 7090705?
False
Is 572 a factor of 12539384?
True
Does 15 divide 149460?
True
Does 13 divide 56708?
False
Is 8747917 a multiple of 216?
False
Is 62450 a multiple of 131?
False
Is 6174503 a multiple of 6?
False
Is 11572929 a multiple of 213?
True
Does 27 divide 264033?
True
Is 1418 a factor of 405548?
True
Is 1971946 a multiple of 192?
False
Does 240 divide 33668?
False
Is 8757411 a multiple of 7?
False
Is 165 a factor of 9942924?
False
Does 83 divide 3133859?
False
Is 6010240 a multiple of 320?
True
Does 217 divide 2604?
True
Does 13 divide 266357?
True
Is 8273595 a multiple of 615?
True
Is 5 a factor of 1011969?
False
Is 33 a factor of 6142356?
True
Is 235 a factor of 1341532?
False
Is 87 a factor of 812038?
False
Is 11 a factor of 49870?
False
Is 21 a factor of 951258?
True
Does 8 divide 138688?
True
Is 14927899 a multiple of 113?
False
Does 506 divide 255024?
True
Is 43934 a multiple of 14?
False
Does 15 divide 556335?
True
Is 6782 a multiple of 9?
False
Does 12 divide 9246204?
True
Does 15 divide 11982090?
True
Is 83610 a multiple of 18?
True
Is 1275122 a multiple of 86?
True
Is 369405 a multiple of 354?
False
Is 3410746 a multiple of 524?
False
Is 46 a factor of 13975635?
False
Is 127906 a multiple of 8?
False
Is 1948338 a multiple of 423?
True
Does 379 divide 14863472?
False
Does 12 divide 9584?
False
Is 5554746 a multiple of 9?
True
Does 2 divide 53257?
False
Is 10 a factor of 1683790?
True
Is 12 a factor of 575148?
True
Is 40977 a multiple of 87?
True
Is 1341340 a multiple of 364?
True
Is 221 a factor of 2826488?
False
Is 591988 a multiple of 59?
False
Does 161 divide 200528?
False
Is 14 a factor of 888484?
False
Is 6043287 a multiple of 327?
True
Is 181 a factor of 190412?
True
Does 10 divide 277610?
True
Does 307 divide 1191774?
True
Is 673 a factor of 1159173?
False
Is 3432821 a multiple of 574?
False
Is 127424 a multiple of 16?
True
Does 10 divide 24740?
True
Is 2 a factor of 52294?
True
Is 2807280 a multiple of 789?
False
Is 10 a factor of 26706?
False
Does 44 divide 1647822?
False
Is 793416 a multiple of 354?
False
Does 280 divide 2155816?
False
Is 284748 a multiple of 12?
True
Is 27 a factor of 2306018?
False
Is 4 a factor of 140720?
True
Does 27 divide 9376128?
True
Does 374 divide 11133988?
False
Does 304 divide 178844?
False
Is 106856 a multiple of 19?
True
Is 145 a factor of 613907?
False
Is 855272 a multiple of 19?
False
Is 72894 a multiple of 8?
False
Does 317 divide 878481?
False
Is 1329280 a multiple of 496?
True
Does 27 divide 198008?
False
Is 191307 a multiple of 538?
False
Is 27 a factor of 138004?
False
Does 4 divide 118859?
False
Does 82 divide 432409?
False
Does 38 divide 263203?
False
Does 817 divide 1706180?
False
Does 34 divide 1864798?
True
Is 5 a factor of 298490?
True
Is 52 a factor of 358488?
True
Does 4 divide 8242?
False
Does 95 divide 1445155?
False
Does 24 divide 1281984?
True
Is 86649 a multiple of 63?
False
Does 70 divide 44227?
False
Does 89 divide 79300?
False
Does 25 divide 24558?
False
Does 16 divide 933721?
False
Is 436949 a multiple of 11?
False
Does 38 divide 79610?
True
Is 180 a factor of 516600?
True
Does 195 divide 495555?
False
Is 15004661 a multiple of 28?
False
Does 58 divide 152888?
True
Does 131 divide 1365649?
False
Does 31 divide 67928?
False
Is 5 a factor of 137525?
True
Is 203 a factor of 278110?
True
Is 2572024 a multiple of 52?
True
Is 4 a factor of 22504?
True
Does 24 divide 9788335?
False
Is 8 a factor of 11287848?
True
Does 14 divide 2736930?
True
Is 407 a factor of 39479?
True
Is 523749 a multiple of 263?
False
Does 28 divide 3472136?
False
Does 246 divide 1775042?
False
Does 3 divide 46887?
True
Is 3313358 a multiple of 82?
False
Is 1997101 a multiple of 108?
False
Is 56368 a multiple of 104?
True
Is 463 a factor of 354195?
True
Does 22 divide 1138038?
True
Is 14 a factor of 4834364?
False
Is 990687 a multiple of 717?
False
Is 22 a factor of 7280514?
False
Is 429625 a multiple of 491?
True
Is 11 a factor of 250526?
False
Is 13 a factor of 273358?
False
Is 2 a factor of 121383?
False
Is 871 a factor of 15714582?
True
Does 6 divide 3250585?
False
Is 297901 a multiple of 231?
False
Is 32 a factor of 265664?
True
Does 67 divide 4302519?
False
Is 162 a factor of 63990?
True
Is 8 a factor of 386127?
False
Does 445 divide 9790?
True
Does 9 divide 36675?
True
Is 264554 a multiple of 31?
True
Does 413 divide 8154942?
False
Is 1715654 a multiple of 78?
False
Is 114 a factor of 2234172?
True
Is 16590 a multiple of 105?
True
Is 2562433 a multiple of 15?
False
Does 17 divide 693940?
True
Is 8 a factor of 2545540?
False
Does 25 divide 99575